 a prime number?
False
Is 13911823487 prime?
True
Is 56716716607 prime?
False
Is 3063794 prime?
False
Is 571522433 prime?
False
Is 134287577 prime?
False
Is 833233943 composite?
False
Is 54666536513 prime?
True
Is 66939324323 a prime number?
True
Is 4568556701 prime?
True
Is 5217173497 composite?
True
Is 1618216279 a composite number?
False
Is 56914597967 a prime number?
False
Is 10289517353 composite?
False
Is 4632613109 composite?
True
Is 26277488351 composite?
True
Is 189016337 a composite number?
False
Is 2635932881 composite?
True
Is 1749605083 a prime number?
True
Is 90949650593 a composite number?
False
Is 15245861731 prime?
True
Is 251092253 a composite number?
False
Is 2413539539 prime?
True
Is 27745045941 a composite number?
True
Is 51700582397 a prime number?
True
Is 8879053089 prime?
False
Is 2641411 a prime number?
True
Is 331507711 composite?
True
Is 2149025209 a prime number?
False
Is 3397839979 a composite number?
True
Is 530293 a composite number?
False
Is 3970454727 composite?
True
Is 6636532909 composite?
False
Is 19503416123 composite?
True
Is 18961184777 a prime number?
False
Is 40368669767 a prime number?
True
Is 1135441771 prime?
True
Is 6084343073 a composite number?
True
Is 736687123 a prime number?
True
Is 3181046601 a composite number?
True
Is 4158163885 a composite number?
True
Is 126091214923 composite?
False
Is 479120431 prime?
True
Is 13995914266 a prime number?
False
Is 4364443091 a composite number?
False
Is 5946258293 a composite number?
True
Is 1462501327 a prime number?
False
Is 1039833539 composite?
True
Is 24556800461 prime?
False
Is 60793273517 composite?
False
Is 4816402319 a composite number?
False
Is 1236517465 composite?
True
Is 3207796971 a composite number?
True
Is 1098115243 a composite number?
True
Is 506580677 a prime number?
False
Is 10686911269 a composite number?
True
Is 5128592393 prime?
True
Is 79918829 prime?
True
Is 86565391453 a prime number?
True
Is 59332033 composite?
False
Is 33460143817 composite?
False
Is 740064449 a prime number?
True
Is 4152234997 prime?
False
Is 106215292717 composite?
False
Is 2137273213 composite?
False
Is 1861822639 a composite number?
False
Is 26665611227 composite?
False
Is 3085301957 composite?
False
Is 4508662663 a prime number?
True
Is 209586913 a prime number?
True
Is 10542089137 a composite number?
False
Is 19292043821 a composite number?
False
Is 20213298433 a prime number?
False
Is 56248440449 prime?
False
Is 19361309959 a prime number?
False
Is 2538326597 a prime number?
False
Is 578257217 a composite number?
False
Is 3117194033 a prime number?
False
Is 98887115461 a composite number?
False
Is 1448643535 a composite number?
True
Is 1559753369 a composite number?
True
Is 1207154587 prime?
True
Is 457811491 prime?
False
Is 2788769993 prime?
True
Is 8256449 a composite number?
False
Is 296466976063 a prime number?
False
Is 902118729 a prime number?
False
Is 369022813667 composite?
False
Is 168332557 a composite number?
False
Is 2057857693 a prime number?
True
Is 684223031 a composite number?
True
Is 18792740041 a composite number?
True
Is 457858591 prime?
False
Is 152270135611 a prime number?
False
Is 1401531361 prime?
True
Is 1654394641 a composite number?
False
Is 5320631443 a prime number?
True
Is 3037754957 a composite number?
False
Is 16011903601 a composite number?
True
Is 1256100257 a composite number?
False
Is 3311445463 composite?
False
Is 3838585739 a prime number?
False
Is 83544515 prime?
False
Is 21048812513 prime?
True
Is 6358931303 a prime number?
True
Is 15311791153 composite?
False
Is 199430329459 prime?
True
Is 5808754327 a prime number?
False
Is 172798721 prime?
True
Is 111217481 prime?
True
Is 43875578399 a prime number?
True
Is 270127367 a prime number?
True
Is 701765583 a composite number?
True
Is 900285587 composite?
False
Is 1438125886 prime?
False
Is 696529529 composite?
False
Is 349178021 composite?
False
Is 1800300841 a composite number?
False
Is 1029209933 prime?
True
Is 47684887631 prime?
True
Is 3501687169 a prime number?
True
Is 99976749889 prime?
True
Is 7104742423 a prime number?
True
Is 63654471449 composite?
False
Is 173184539 a composite number?
True
Is 45421101361 a composite number?
False
Is 495539119 a prime number?
False
Is 5634898403 a composite number?
False
Is 1120354997 prime?
False
Is 124964319487 prime?
False
Is 271966213 a composite number?
False
Is 39110204569 a prime number?
True
Is 3672631 composite?
True
Is 15563684069 a composite number?
True
Is 102694937 composite?
False
Is 713845459 prime?
False
Is 1547073583 composite?
True
Is 4805980393 a prime number?
False
Is 50493258473 composite?
True
Is 128040853 a composite number?
False
Is 36551912659 a composite number?
False
Is 888562603 a composite number?
False
Is 1441920611 prime?
False
Is 103671809 prime?
False
Is 1189903361 a composite number?
True
Is 8267287453 composite?
True
Is 12677266715 a composite number?
True
Is 2644205831 composite?
False
Is 27620401513 a composite number?
False
Is 27505620859 prime?
False
Is 3563620301 prime?
True
Is 14502979321 prime?
False
Is 2139567893 prime?
False
Is 6844715 a prime number?
False
Is 37770266519 a prime number?
False
Is 79354397 a composite number?
False
Is 445954511 a prime number?
True
Is 49124376865 composite?
True
Is 67536641 a prime number?
False
Is 2637824197 prime?
False
Is 95929529 composite?
False
Is 144285066011 prime?
False
Is 328938345847 a composite number?
False
Is 1393710757 a prime number?
True
Is 346264157 prime?
True
Is 1200375443 composite?
False
Is 9807475037 prime?
False
Is 7819023599 composite?
True
Is 473224510581 composite?
True
Is 39990896059 a composite number?
True
Is 1076385182 composite?
True
Is 478177633 prime?
False
Is 16070998777 prime?
False
Is 13756573261 composite?
False
Is 10187834109 composite?
True
Is 24116799757 a prime number?
False
Is 1367713117 a prime number?
True
Is 3215159737 composite?
False
Is 16436655779 a composite number?
False
Is 2044132843 composite?
True
Is 1095758303 prime?
True
Is 581400167 a composite number?
False
Is 6544886981 a composite number?
True
Is 644717207 a composite number?
False
Is 135221629 composite?
False
Is 30667644781 composite?
False
Is 1101210967 prime?
True
Is 13358342363 a composite number?
True
Is 618898589 prime?
False
Is 22378295545 a composite number?
True
Is 7272749191 composite?
False
Is 10214758361 a composite number?
True
Is 84364028263 composite?
True
Is 3111475183 composite?
True
Is 5774090533 a composite number?
False
Is 214785804617 prime?
True
Is 2492571353 prime?
True
Is 668142901 a composite number?
True
Is 388124215 a composite number?
True
Is 59754564283 composite?
False
Is 1051140427 a prime number?
True
Is 8769512539 a composite number?
False
Is 5255607293 a prime number?
True
Is 311372471 composite?
False
Is 3243162187 prime?
True
Is 2760627479 a prime number?
False
Is 4319319401 a prime number?
True
Is 454843507 a composite number?
False
Is 947343361 a composite number?
False
Is 30069452527 composite?
False
Is 279282803 a composite number?
False
Is 5079489977 a prime number?
False
Is 498636311 a prime number?
False
Is 5615405339 composite?
False
Is 1455130459 prime?
True
Is 10300682829 a composite number?
True
Is 11732157005 a composite number?
True
Is 3225445973 prime?
False
Is 78661763 composite?
False
Is 5127907979 composite?
False
Is 66501718411 a prime number?
False
Is 11269383709 a composite number?
False
Is 9547815283 a composite number?
True
Is 2548973827 a prime number?
False
Is 632606297 prime?
False
Is 267681527 prime?
False
Is 4699292723 composite?
False
Is 66294462529 prime?
True
Is 46868203489 composite?
True
Is 5678984983 a composite number?
True
Is 19368472091 composite?
True
Is 1219596557 a composite number?
False
Is 596937049 a prime number?
False
Is 246496729 composite?
False
Is 32943833947 a prime number?
True
Is 1465255037 composite?
False
Is 20488999933 composite?
False
Is 29134410317 prime?
True
Is 833725049 a prime number?
True
Is 685170257 composite?
True
Is 1877494027 a prime number?
True
Is 14656501 prime?
True
Is 5074229073 composite?
True
Is 182986499 a composite number?
False
Is 17341579 prime?
True
Is 206048641 prime?
False
Is 44704871581 prime?
True
Is 87062653873 prime?
Fa